{"id":8490,"date":"2023-08-18T11:16:50","date_gmt":"2023-08-18T09:16:50","guid":{"rendered":"http:\/\/testmaj.sybotx.fr\/wordpress\/?page_id=8490"},"modified":"2023-08-18T16:22:23","modified_gmt":"2023-08-18T14:22:23","slug":"formulaire-recrutement","status":"publish","type":"page","link":"https:\/\/testmaj.sybotx.fr\/wordpress\/formulaire-recrutement\/","title":{"rendered":"Formulaire Recrutement"},"content":{"rendered":"\t\t<div data-elementor-type=\"wp-page\" data-elementor-id=\"8490\" class=\"elementor elementor-8490\">\n\t\t\t\t<div class=\"elementor-element elementor-element-f70ee20 e-flex e-con-boxed e-con e-parent\" data-id=\"f70ee20\" data-element_type=\"container\" data-e-type=\"container\">\n\t\t\t\t\t<div class=\"e-con-inner\">\n\t\t\t\t\t<\/div>\n\t\t\t\t<\/div>\n\t\t<div class=\"elementor-element elementor-element-7c5125a e-flex e-con-boxed e-con e-parent\" data-id=\"7c5125a\" data-element_type=\"container\" data-e-type=\"container\">\n\t\t\t\t\t<div class=\"e-con-inner\">\n\t\t\t\t<div class=\"elementor-element elementor-element-296071f elementor-widget elementor-widget-heading\" data-id=\"296071f\" data-element_type=\"widget\" data-e-type=\"widget\" data-widget_type=\"heading.default\">\n\t\t\t\t<div class=\"elementor-widget-container\">\n\t\t\t\t\t<h2 class=\"elementor-heading-title elementor-size-default\">VOUS SOUHAITEZ POSTULER CHEZ SYBOTX<\/h2>\t\t\t\t<\/div>\n\t\t\t\t<\/div>\n\t\t\t\t<div class=\"elementor-element elementor-element-e9e9711 elementor-widget elementor-widget-heading\" data-id=\"e9e9711\" data-element_type=\"widget\" data-e-type=\"widget\" data-widget_type=\"heading.default\">\n\t\t\t\t<div class=\"elementor-widget-container\">\n\t\t\t\t\t<h2 class=\"elementor-heading-title elementor-size-default\">REMPLISSEZ LE FORMULAIRE CI-DESSOUS<\/h2>\t\t\t\t<\/div>\n\t\t\t\t<\/div>\n\t\t\t\t\t<\/div>\n\t\t\t\t<\/div>\n\t\t<div class=\"elementor-element elementor-element-3adc578 e-flex e-con-boxed e-con e-parent\" data-id=\"3adc578\" data-element_type=\"container\" data-e-type=\"container\">\n\t\t\t\t\t<div class=\"e-con-inner\">\n\t\t\t\t<div class=\"elementor-element elementor-element-e823f30 elementor-widget elementor-widget-restly_ctf7\" data-id=\"e823f30\" data-element_type=\"widget\" data-e-type=\"widget\" data-widget_type=\"restly_ctf7.default\">\n\t\t\t\t<div class=\"elementor-widget-container\">\n\t\t\t\t\t        <div class=\"restly-ctf7s-wrapper\">\r\n        \n<div class=\"wpcf7 no-js\" id=\"wpcf7-f8499-o1\" lang=\"fr-FR\" dir=\"ltr\" data-wpcf7-id=\"8499\">\n<div class=\"screen-reader-response\"><p role=\"status\" aria-live=\"polite\" aria-atomic=\"true\"><\/p> <ul><\/ul><\/div>\n<form action=\"\/wordpress\/wp-json\/wp\/v2\/pages\/8490#wpcf7-f8499-o1\" method=\"post\" class=\"wpcf7-form init\" aria-label=\"Formulaire de contact\" enctype=\"multipart\/form-data\" novalidate=\"novalidate\" data-status=\"init\">\n<fieldset class=\"hidden-fields-container\"><input type=\"hidden\" name=\"_wpcf7\" value=\"8499\" \/><input type=\"hidden\" name=\"_wpcf7_version\" value=\"6.1.5\" \/><input type=\"hidden\" name=\"_wpcf7_locale\" value=\"fr_FR\" \/><input type=\"hidden\" name=\"_wpcf7_unit_tag\" value=\"wpcf7-f8499-o1\" \/><input type=\"hidden\" name=\"_wpcf7_container_post\" value=\"0\" \/><input type=\"hidden\" name=\"_wpcf7_posted_data_hash\" value=\"\" \/><input type=\"hidden\" name=\"_wpcf7_recaptcha_response\" value=\"\" \/>\n<\/fieldset>\n<div class=\"restly-home-form\">\n    <div class=\"row\">\n        <div class=\"col-12 col-md-6\">\n            <div class=\"restly-home-form-input restly-input name\">\n            <span class=\"wpcf7-form-control-wrap\" data-name=\"yourname\"><input size=\"40\" maxlength=\"400\" class=\"wpcf7-form-control wpcf7-text wpcf7-validates-as-required\" aria-required=\"true\" aria-invalid=\"false\" placeholder=\"Nom Pr\u00e9nom\" value=\"\" type=\"text\" name=\"yourname\" \/><\/span>\n            <\/div>\n        <\/div>\n        <div class=\"col-12 col-md-6\">\n            <div class=\"restly-home-form-input restly-input\">\n            <span class=\"wpcf7-form-control-wrap\" data-name=\"menu-job-select\"><select class=\"wpcf7-form-control wpcf7-select wpcf7-validates-as-required\" aria-required=\"true\" aria-invalid=\"false\" name=\"menu-job-select\"><option value=\"S\u00e9lectionner le poste\">S\u00e9lectionner le poste<\/option><option value=\"Automaticien\">Automaticien<\/option><option value=\"Roboticien\">Roboticien<\/option><option value=\"Autres\">Autres<\/option><\/select><\/span>\n            <\/div>\n        <\/div>\n\n        <div class=\"col-12 col-md-6\">\n            <div class=\"restly-home-form-input restly-input email\">\n            <span class=\"wpcf7-form-control-wrap\" data-name=\"youremail\"><input size=\"40\" maxlength=\"400\" class=\"wpcf7-form-control wpcf7-email wpcf7-validates-as-required wpcf7-text wpcf7-validates-as-email\" aria-required=\"true\" aria-invalid=\"false\" placeholder=\"E-mail\" value=\"\" type=\"email\" name=\"youremail\" \/><\/span>\n            <\/div>\n        <\/div>\n        <div class=\"col-12 col-md-6\">\n            <div class=\"restly-home-form-input restly-input phone\">\n            <span class=\"wpcf7-form-control-wrap\" data-name=\"yourphone\"><input size=\"40\" maxlength=\"400\" class=\"wpcf7-form-control wpcf7-tel wpcf7-validates-as-required wpcf7-text wpcf7-validates-as-tel\" aria-required=\"true\" aria-invalid=\"false\" placeholder=\"T\u00e9l\u00e9phone\" value=\"\" type=\"tel\" name=\"yourphone\" \/><\/span>\n            <\/div>\n        <\/div>\n\n\n        <div class=\"col-12 col-md-12\">\n            <div class=\"restly-home-input restly-input message\">\n            <span class=\"wpcf7-form-control-wrap\" data-name=\"message\"><textarea cols=\"10\" rows=\"4\" maxlength=\"2000\" class=\"wpcf7-form-control wpcf7-textarea wpcf7-validates-as-required\" aria-required=\"true\" aria-invalid=\"false\" placeholder=\"Laissez-nous une br\u00e8ve description de qui vous \u00eates et pourquoi vous \u00eates motiv\u00e9.\" name=\"message\"><\/textarea><\/span>\n            <\/div>\n\n        <div class=\"col-12 col-md-6\">\n            <p> Importer votre CV au format .pdf, .doc ou .png <\/p>\n            <span class=\"wpcf7-form-control-wrap\" data-name=\"fichier-recrutement\"><input size=\"40\" class=\"wpcf7-form-control wpcf7-file wpcf7-validates-as-required\" accept=\".pdf,.doc,.docx,.png,.jpeg\" aria-required=\"true\" aria-invalid=\"false\" type=\"file\" name=\"fichier-recrutement\" \/><\/span>\n        <\/div> <\/br>\n\n<div class=\"restly-home-input>\n<span class=\"wpcf7-form-control-wrap\" data-name=\"checkbox-515\"><span class=\"wpcf7-form-control wpcf7-checkbox wpcf7-validates-as-required\"><span class=\"wpcf7-list-item first last\"><label><input type=\"checkbox\" name=\"checkbox-515[]\" value=\"J&#039;accepte l&#039;exploitation de mes donn\u00e9es uniquement dans le cadre de ma demande de contact. Aucun d\u00e9marchage commercial ne sera effectu\u00e9.\" \/><span class=\"wpcf7-list-item-label\">J&#039;accepte l&#039;exploitation de mes donn\u00e9es uniquement dans le cadre de ma demande de contact. Aucun d\u00e9marchage commercial ne sera effectu\u00e9.<\/span><\/label><\/span><\/span><\/span>\n<\/div> <\/br>\n\n            <div class=\"restly-message-btn\">\n            <input class=\"wpcf7-form-control wpcf7-submit has-spinner\" type=\"submit\" value=\"ENVOYER\" \/>\n            <\/div>\n        <\/div>\n    <\/div>\n<\/div><div class=\"wpcf7-response-output\" aria-hidden=\"true\"><\/div>\n<\/form>\n<\/div>\n        <\/div>\r\n        \t\t\t\t<\/div>\n\t\t\t\t<\/div>\n\t\t\t\t\t<\/div>\n\t\t\t\t<\/div>\n\t\t\t\t<\/div>\n\t\t","protected":false},"excerpt":{"rendered":"<p>VOUS SOUHAITEZ POSTULER CHEZ SYBOTX REMPLISSEZ LE FORMULAIRE CI-DESSOUS S\u00e9lectionner le posteAutomaticienRoboticien\u00c9lectricienAutres Importer votre CV au format .pdf, .doc ou .png J&#039;accepte l&#039;exploitation de mes donn\u00e9es uniquement dans le cadre de ma demande de contact. Aucun d\u00e9marchage commercial ne sera effectu\u00e9.<\/p>\n","protected":false},"author":1,"featured_media":0,"parent":0,"menu_order":0,"comment_status":"closed","ping_status":"closed","template":"","meta":{"footnotes":""},"class_list":["post-8490","page","type-page","status-publish","hentry"],"aioseo_notices":[],"_links":{"self":[{"href":"https:\/\/testmaj.sybotx.fr\/wordpress\/wp-json\/wp\/v2\/pages\/8490","targetHints":{"allow":["GET"]}}],"collection":[{"href":"https:\/\/testmaj.sybotx.fr\/wordpress\/wp-json\/wp\/v2\/pages"}],"about":[{"href":"https:\/\/testmaj.sybotx.fr\/wordpress\/wp-json\/wp\/v2\/types\/page"}],"author":[{"embeddable":true,"href":"https:\/\/testmaj.sybotx.fr\/wordpress\/wp-json\/wp\/v2\/users\/1"}],"replies":[{"embeddable":true,"href":"https:\/\/testmaj.sybotx.fr\/wordpress\/wp-json\/wp\/v2\/comments?post=8490"}],"version-history":[{"count":0,"href":"https:\/\/testmaj.sybotx.fr\/wordpress\/wp-json\/wp\/v2\/pages\/8490\/revisions"}],"wp:attachment":[{"href":"https:\/\/testmaj.sybotx.fr\/wordpress\/wp-json\/wp\/v2\/media?parent=8490"}],"curies":[{"name":"wp","href":"https:\/\/api.w.org\/{rel}","templated":true}]}}