{"id":7597,"date":"2023-03-27T13:15:54","date_gmt":"2023-03-27T11:15:54","guid":{"rendered":"https:\/\/testmaj.sybotx.fr\/wordpress\/?page_id=7597"},"modified":"2024-10-29T14:30:14","modified_gmt":"2024-10-29T13:30:14","slug":"sybotx-recrute","status":"publish","type":"page","link":"https:\/\/testmaj.sybotx.fr\/wordpress\/sybotx-recrute\/","title":{"rendered":"Recrutement"},"content":{"rendered":"\t\t<div data-elementor-type=\"wp-page\" data-elementor-id=\"7597\" class=\"elementor elementor-7597\">\n\t\t\t\t<div class=\"elementor-element elementor-element-03751a7 e-flex e-con-boxed e-con e-parent\" data-id=\"03751a7\" data-element_type=\"container\" data-e-type=\"container\">\n\t\t\t\t\t<div class=\"e-con-inner\">\n\t\t\t\t\t<\/div>\n\t\t\t\t<\/div>\n\t\t<div class=\"elementor-element elementor-element-ef11a98 e-flex e-con-boxed e-con e-parent\" data-id=\"ef11a98\" data-element_type=\"container\" data-e-type=\"container\" data-settings=\"{&quot;background_background&quot;:&quot;classic&quot;}\">\n\t\t\t\t\t<div class=\"e-con-inner\">\n\t\t\t\t<div class=\"elementor-element elementor-element-7d7ff36 elementor-widget elementor-widget-text-editor\" data-id=\"7d7ff36\" data-element_type=\"widget\" data-e-type=\"widget\" data-widget_type=\"text-editor.default\">\n\t\t\t\t<div class=\"elementor-widget-container\">\n\t\t\t\t\t\t\t\t\t<p>Vous cherchez \u00e0 rejoindre une entreprise dynamique et innovante ?<\/p>\n<p style=\"color:white;\"><b>SybotX recrute des talents passionn\u00e9s pour renforcer son \u00e9quipe !<\/b><\/p>\t\t\t\t\t\t\t\t<\/div>\n\t\t\t\t<\/div>\n\t\t\t\t\t<\/div>\n\t\t\t\t<\/div>\n\t\t\t\t<section class=\"elementor-section elementor-top-section elementor-element elementor-element-38e9dfd elementor-section-content-middle elementor-section-height-min-height elementor-section-boxed elementor-section-height-default elementor-section-items-middle\" data-id=\"38e9dfd\" data-element_type=\"section\" data-e-type=\"section\" data-settings=\"{&quot;background_background&quot;:&quot;gradient&quot;}\">\n\t\t\t\t\t\t<div class=\"elementor-container elementor-column-gap-default\">\n\t\t\t\t\t<div class=\"elementor-column elementor-col-100 elementor-top-column elementor-element elementor-element-79a0a70\" data-id=\"79a0a70\" data-element_type=\"column\" data-e-type=\"column\">\n\t\t\t<div class=\"elementor-widget-wrap elementor-element-populated\">\n\t\t\t\t\t\t<div class=\"elementor-element elementor-element-3c69ac2 elementor-widget elementor-widget-heading\" data-id=\"3c69ac2\" data-element_type=\"widget\" data-e-type=\"widget\" data-widget_type=\"heading.default\">\n\t\t\t\t<div class=\"elementor-widget-container\">\n\t\t\t\t\t<h3 class=\"elementor-heading-title elementor-size-default\">POURQUOI NOUS REJOINDRE ?<\/h3>\t\t\t\t<\/div>\n\t\t\t\t<\/div>\n\t\t\t\t<div class=\"elementor-element elementor-element-3ced8bb elementor-widget elementor-widget-text-editor\" data-id=\"3ced8bb\" data-element_type=\"widget\" data-e-type=\"widget\" data-widget_type=\"text-editor.default\">\n\t\t\t\t<div class=\"elementor-widget-container\">\n\t\t\t\t\t\t\t\t\t<p><strong>SybotX<\/strong> est un <strong>bureau d\u2019ing\u00e9nierie<\/strong> sp\u00e9cialis\u00e9 en <strong>robotique<\/strong> et <strong>automatisme<\/strong>.<br \/>Dans le cadre de l\u2019accompagnement de son activit\u00e9 et sa croissance, SybotX est \u00e0 la recherche de nouveaux talents !<\/p><p><b>Nous mettons l&#8217;accent sur la dimension humaine et accordons une grande valeur \u00e0 cet aspect.<\/b><br \/>Si vous \u00eates passionn\u00e9 par la robotique et l\u2019automatisation, et que vous \u00eates quelqu&#8217;un d&#8217;impliqu\u00e9 dans votre travail, vous avez frapp\u00e9 \u00e0 la bonne porte.<\/p>\t\t\t\t\t\t\t\t<\/div>\n\t\t\t\t<\/div>\n\t\t\t\t<div class=\"elementor-element elementor-element-f687ce5 elementor-widget elementor-widget-heading\" data-id=\"f687ce5\" data-element_type=\"widget\" data-e-type=\"widget\" data-widget_type=\"heading.default\">\n\t\t\t\t<div class=\"elementor-widget-container\">\n\t\t\t\t\t<h3 class=\"elementor-heading-title elementor-size-default\">Nos projets sont innovants et d\u2019envergure internationale.<\/h3>\t\t\t\t<\/div>\n\t\t\t\t<\/div>\n\t\t\t\t<div class=\"elementor-element elementor-element-410eaa3 elementor-widget elementor-widget-text-editor\" data-id=\"410eaa3\" data-element_type=\"widget\" data-e-type=\"widget\" data-widget_type=\"text-editor.default\">\n\t\t\t\t<div class=\"elementor-widget-container\">\n\t\t\t\t\t\t\t\t\t<p>Nous vous proposons un cadre de travail qui concilie autonomie, responsabilisation et r\u00e9sultats.<br \/>Venez rejoindre une \u00e9quipe passionn\u00e9e, qui repousse les limites de la technologie pour stimuler la performance.<\/p><p>Vous trouverez aussi de nouvelles fa\u00e7ons de travailler qui profitent \u00e0 nos clients, \u00e0 nos partenaires et \u00e0 la soci\u00e9t\u00e9.<br \/>Nous voulons que vous soyez fier(e) de faire partie de SybotX.<\/p>\t\t\t\t\t\t\t\t<\/div>\n\t\t\t\t<\/div>\n\t\t\t\t\t<\/div>\n\t\t<\/div>\n\t\t\t\t\t<\/div>\n\t\t<\/section>\n\t\t<div class=\"elementor-element elementor-element-c1a20c5 e-flex e-con-boxed e-con e-parent\" data-id=\"c1a20c5\" data-element_type=\"container\" data-e-type=\"container\" data-settings=\"{&quot;background_background&quot;:&quot;classic&quot;}\">\n\t\t\t\t\t<div class=\"e-con-inner\">\n\t\t<div class=\"elementor-element elementor-element-8776924 e-con-full e-flex e-con e-child\" data-id=\"8776924\" data-element_type=\"container\" data-e-type=\"container\" data-settings=\"{&quot;background_background&quot;:&quot;classic&quot;}\">\n\t\t\t\t<div class=\"elementor-element elementor-element-34df995 elementor-widget elementor-widget-heading\" data-id=\"34df995\" data-element_type=\"widget\" data-e-type=\"widget\" data-widget_type=\"heading.default\">\n\t\t\t\t<div class=\"elementor-widget-container\">\n\t\t\t\t\t<h3 class=\"elementor-heading-title elementor-size-default\">NOS VALEURS<\/h3>\t\t\t\t<\/div>\n\t\t\t\t<\/div>\n\t\t\t\t<div class=\"elementor-element elementor-element-a2e1a93 elementor-widget elementor-widget-text-editor\" data-id=\"a2e1a93\" data-element_type=\"widget\" data-e-type=\"widget\" data-widget_type=\"text-editor.default\">\n\t\t\t\t<div class=\"elementor-widget-container\">\n\t\t\t\t\t\t\t\t\t<ul><li><strong>L\u2019esprit d\u2019\u00e9quipe :\u00a0<\/strong>Nous croyons que le travail en \u00e9quipe est essentiel pour r\u00e9ussir. Nous encourageons la collaboration et le partage des id\u00e9es.<\/li><li><strong>L\u2019innovation :<\/strong>\u00a0Nous sommes toujours \u00e0 la recherche de nouvelles solutions pour am\u00e9liorer nos produits et services. Nous encourageons la cr\u00e9ativit\u00e9 et l\u2019esprit d\u2019initiative.<\/li><li><strong>La flexibilit\u00e9 :<\/strong>\u00a0Nous sommes conscients que les besoins de nos collaborateurs \u00e9voluent. Nous nous adaptons \u00e0 leurs besoins pour leur offrir un environnement de travail flexible et stimulant.<\/li><li><strong>L\u2019adaptation\u00a0:<\/strong> Vous avez une app\u00e9tence particuli\u00e8re pour vous adapter et un sens du service client que vous saurez mettre en avant pour vous \u00e9panouir au sein de votre poste.<\/li><\/ul>\t\t\t\t\t\t\t\t<\/div>\n\t\t\t\t<\/div>\n\t\t\t\t<\/div>\n\t\t<div class=\"elementor-element elementor-element-ef9ce95 e-con-full e-flex e-con e-child\" data-id=\"ef9ce95\" data-element_type=\"container\" data-e-type=\"container\" data-settings=\"{&quot;background_background&quot;:&quot;classic&quot;}\">\n\t\t\t\t<div class=\"elementor-element elementor-element-8da7432 elementor-widget elementor-widget-image\" data-id=\"8da7432\" data-element_type=\"widget\" data-e-type=\"widget\" data-widget_type=\"image.default\">\n\t\t\t\t<div class=\"elementor-widget-container\">\n\t\t\t\t\t\t\t\t\t\t\t\t\t\t\t<img fetchpriority=\"high\" decoding=\"async\" width=\"640\" height=\"298\" src=\"https:\/\/testmaj.sybotx.fr\/wordpress\/wp-content\/uploads\/2023\/05\/ENGAGEMENT-1024x476.png\" class=\"attachment-large size-large wp-image-9627\" alt=\"Recrutement_ENGAGEMENT\" srcset=\"https:\/\/testmaj.sybotx.fr\/wordpress\/wp-content\/uploads\/2023\/05\/ENGAGEMENT-1024x476.png 1024w, https:\/\/testmaj.sybotx.fr\/wordpress\/wp-content\/uploads\/2023\/05\/ENGAGEMENT-300x140.png 300w, https:\/\/testmaj.sybotx.fr\/wordpress\/wp-content\/uploads\/2023\/05\/ENGAGEMENT-768x357.png 768w, https:\/\/testmaj.sybotx.fr\/wordpress\/wp-content\/uploads\/2023\/05\/ENGAGEMENT.png 1260w\" sizes=\"(max-width: 640px) 100vw, 640px\" \/>\t\t\t\t\t\t\t\t\t\t\t\t\t\t\t<\/div>\n\t\t\t\t<\/div>\n\t\t\t\t<\/div>\n\t\t\t\t\t<\/div>\n\t\t\t\t<\/div>\n\t\t<div class=\"elementor-element elementor-element-a876418 e-flex e-con-boxed e-con e-parent\" data-id=\"a876418\" data-element_type=\"container\" data-e-type=\"container\" data-settings=\"{&quot;background_background&quot;:&quot;classic&quot;}\">\n\t\t\t\t\t<div class=\"e-con-inner\">\n\t\t\t\t<div class=\"elementor-element elementor-element-e3b0f6c elementor-widget elementor-widget-heading\" data-id=\"e3b0f6c\" data-element_type=\"widget\" data-e-type=\"widget\" data-widget_type=\"heading.default\">\n\t\t\t\t<div class=\"elementor-widget-container\">\n\t\t\t\t\t<h2 class=\"elementor-heading-title elementor-size-default\">COMMENTAIRES DE QUELQUES COLLABORATEURS <\/h2>\t\t\t\t<\/div>\n\t\t\t\t<\/div>\n\t\t\t\t<div class=\"elementor-element elementor-element-f20443c elementor-widget elementor-widget-restly_testimonial_two\" data-id=\"f20443c\" data-element_type=\"widget\" data-e-type=\"widget\" data-widget_type=\"restly_testimonial_two.default\">\n\t\t\t\t<div class=\"elementor-widget-container\">\n\t\t\t\t\t\r\n\t\t\t<script>\r\n\t\t\tjQuery(document).ready(function($) {\r\n\t\t\t\t\"use strict\";\r\n\t\t\t\t$(\"#testimonial-two-slide-1721\").slick({\r\n\t\t\t\t\tslidesToShow: 1,\r\n\t\t\t\t\tslidesToScroll: 1,\r\n                    rtl: false,\r\n                    arrows: true,\r\n\t\t\t\t\tdots: true,\r\n\t\t\t\t\tinfinite: true,\r\n\t\t\t\t\tautoplay: false,\r\n\t\t\t\t});\r\n\t\t\t});\r\n\t\t\t<\/script>        <div class=\"restly-testimonial-two-wrapper\">\r\n            <div class=\"restly-testmonial-two-items\" id=\"testimonial-two-slide-1721\">\r\n                                <div class=\"test-card\">\r\n                    <div class=\"card\">\r\n                        <div class=\"row g-0\">\r\n                            <div class=\"col-md-5\">\r\n                            <img decoding=\"async\" width=\"1280\" height=\"1792\" src=\"https:\/\/testmaj.sybotx.fr\/wordpress\/wp-content\/uploads\/2023\/08\/Loic-PETIT-1.webp\" class=\"attachment-full size-full\" alt=\"Loi\u0308c_Sybotx\" srcset=\"https:\/\/testmaj.sybotx.fr\/wordpress\/wp-content\/uploads\/2023\/08\/Loic-PETIT-1.webp 1280w, https:\/\/testmaj.sybotx.fr\/wordpress\/wp-content\/uploads\/2023\/08\/Loic-PETIT-1-214x300.webp 214w, https:\/\/testmaj.sybotx.fr\/wordpress\/wp-content\/uploads\/2023\/08\/Loic-PETIT-1-731x1024.webp 731w, https:\/\/testmaj.sybotx.fr\/wordpress\/wp-content\/uploads\/2023\/08\/Loic-PETIT-1-768x1075.webp 768w, https:\/\/testmaj.sybotx.fr\/wordpress\/wp-content\/uploads\/2023\/08\/Loic-PETIT-1-1097x1536.webp 1097w\" sizes=\"(max-width: 1280px) 100vw, 1280px\" \/>                            <\/div>\r\n                            <div class=\"col-md-7\">\r\n                                <div class=\"card-body testimonial-content\">\r\n                                    <h5 class=\"test-two-stitle\">T\u00e9moignage<\/h5>\r\n                                    <h2 class=\"testi-two-title\">Lo\u00efc <\/h2>\r\n                                    <div class=\"dec\">\r\n                                        <p>SybotX m\u2019offre la possibilit\u00e9 de participer \u00e0 des projets robotiques internationaux, et d\u2019\u00eatre compl\u00e8tement autonome.<\/p>                                    <\/div>\r\n                                    <div class=\"testi-author-info\">\r\n                                                                            <div class=\"testi-adec\">\r\n                                            <h6><\/h6>\r\n                                            <span>Roboticien \/ Automaticien<\/span>\r\n                                        <\/div>\r\n                                    <\/div>\r\n                                <\/div>\r\n                            <\/div>\r\n                        <\/div>\r\n                    <\/div>\r\n                <\/div>\r\n                                <div class=\"test-card\">\r\n                    <div class=\"card\">\r\n                        <div class=\"row g-0\">\r\n                            <div class=\"col-md-5\">\r\n                            <img decoding=\"async\" width=\"1280\" height=\"1792\" src=\"https:\/\/testmaj.sybotx.fr\/wordpress\/wp-content\/uploads\/2023\/08\/Maxime-GODART-1.webp\" class=\"attachment-full size-full\" alt=\"\" srcset=\"https:\/\/testmaj.sybotx.fr\/wordpress\/wp-content\/uploads\/2023\/08\/Maxime-GODART-1.webp 1280w, https:\/\/testmaj.sybotx.fr\/wordpress\/wp-content\/uploads\/2023\/08\/Maxime-GODART-1-214x300.webp 214w, https:\/\/testmaj.sybotx.fr\/wordpress\/wp-content\/uploads\/2023\/08\/Maxime-GODART-1-731x1024.webp 731w, https:\/\/testmaj.sybotx.fr\/wordpress\/wp-content\/uploads\/2023\/08\/Maxime-GODART-1-768x1075.webp 768w, https:\/\/testmaj.sybotx.fr\/wordpress\/wp-content\/uploads\/2023\/08\/Maxime-GODART-1-1097x1536.webp 1097w\" sizes=\"(max-width: 1280px) 100vw, 1280px\" \/>                            <\/div>\r\n                            <div class=\"col-md-7\">\r\n                                <div class=\"card-body testimonial-content\">\r\n                                    <h5 class=\"test-two-stitle\">T\u00e9moignage<\/h5>\r\n                                    <h2 class=\"testi-two-title\">Maxime<\/h2>\r\n                                    <div class=\"dec\">\r\n                                        <p>La diversit\u00e9 des missions qui me sont confi\u00e9es me permet d\u2019am\u00e9liorer mes comp\u00e9tences.<\/p>                                    <\/div>\r\n                                    <div class=\"testi-author-info\">\r\n                                                                            <div class=\"testi-adec\">\r\n                                            <h6><\/h6>\r\n                                            <span>Ing\u00e9nieur Robotique<\/span>\r\n                                        <\/div>\r\n                                    <\/div>\r\n                                <\/div>\r\n                            <\/div>\r\n                        <\/div>\r\n                    <\/div>\r\n                <\/div>\r\n                            <\/div>\r\n        <\/div>\r\n        \t\t\t\t<\/div>\n\t\t\t\t<\/div>\n\t\t\t\t\t<\/div>\n\t\t\t\t<\/div>\n\t\t<div class=\"elementor-element elementor-element-5a71bd3 e-flex e-con-boxed e-con e-parent\" data-id=\"5a71bd3\" data-element_type=\"container\" data-e-type=\"container\" data-settings=\"{&quot;background_background&quot;:&quot;classic&quot;}\">\n\t\t\t\t\t<div class=\"e-con-inner\">\n\t\t\t\t<div class=\"elementor-element elementor-element-c06d58c elementor-widget elementor-widget-restly_job_post\" data-id=\"c06d58c\" data-element_type=\"widget\" data-e-type=\"widget\" data-widget_type=\"restly_job_post.default\">\n\t\t\t\t<div class=\"elementor-widget-container\">\n\t\t\t\t\t        <div class=\"job-post-wrapper\">\r\n                        <div class=\"job-post-item d-flex justify-content-between align-items-center\">\r\n                <div class=\"job-left\">\r\n                    <h2><a href=\"https:\/\/testmaj.sybotx.fr\/wordpress\/job\/roboticien-industriel-sybotx\/\">Roboticien (H\/F)<\/a><\/h2>\r\n                    <span>Monday June 17, 2024<\/span>\r\n                <\/div>\r\n                <div class=\"job-left\">\r\n                    <a class=\"theme-btns\" href=\"https:\/\/testmaj.sybotx.fr\/wordpress\/job\/roboticien-industriel-sybotx\/\">POSTULER<\/a>\r\n                <\/div>\r\n            <\/div>\r\n                        <div class=\"job-post-item d-flex justify-content-between align-items-center\">\r\n                <div class=\"job-left\">\r\n                    <h2><a href=\"https:\/\/testmaj.sybotx.fr\/wordpress\/job\/automaticien\/\">Automaticien (H\/F)<\/a><\/h2>\r\n                    <span>Monday June 17, 2024<\/span>\r\n                <\/div>\r\n                <div class=\"job-left\">\r\n                    <a class=\"theme-btns\" href=\"https:\/\/testmaj.sybotx.fr\/wordpress\/job\/automaticien\/\">POSTULER<\/a>\r\n                <\/div>\r\n            <\/div>\r\n                        <div class=\"job-post-item d-flex justify-content-between align-items-center\">\r\n                <div class=\"job-left\">\r\n                    <h2><a href=\"https:\/\/testmaj.sybotx.fr\/wordpress\/en\/job\/robotics-engineer\/\">Robotic Engineer (M\/F)<\/a><\/h2>\r\n                    <span>Monday June 17, 2024<\/span>\r\n                <\/div>\r\n                <div class=\"job-left\">\r\n                    <a class=\"theme-btns\" href=\"https:\/\/testmaj.sybotx.fr\/wordpress\/en\/job\/robotics-engineer\/\">POSTULER<\/a>\r\n                <\/div>\r\n            <\/div>\r\n                        <div class=\"job-post-item d-flex justify-content-between align-items-center\">\r\n                <div class=\"job-left\">\r\n                    <h2><a href=\"https:\/\/testmaj.sybotx.fr\/wordpress\/en\/job\/automation-technician\/\">Automation Engineer (M\/F)<\/a><\/h2>\r\n                    <span>Monday June 17, 2024<\/span>\r\n                <\/div>\r\n                <div class=\"job-left\">\r\n                    <a class=\"theme-btns\" href=\"https:\/\/testmaj.sybotx.fr\/wordpress\/en\/job\/automation-technician\/\">POSTULER<\/a>\r\n                <\/div>\r\n            <\/div>\r\n                                <\/div>\r\n        \t\t\t\t<\/div>\n\t\t\t\t<\/div>\n\t\t<div class=\"elementor-element elementor-element-ec130df e-con-full e-flex e-con e-child\" data-id=\"ec130df\" data-element_type=\"container\" data-e-type=\"container\" data-settings=\"{&quot;background_background&quot;:&quot;classic&quot;}\">\n\t\t\t\t<div class=\"elementor-element elementor-element-4b02cec elementor-widget__width-initial elementor-widget elementor-widget-restly_button\" data-id=\"4b02cec\" data-element_type=\"widget\" data-e-type=\"widget\" data-widget_type=\"restly_button.default\">\n\t\t\t\t<div class=\"elementor-widget-container\">\n\t\t\t\t\t        <div class=\"restly-button-wrapper\">\r\n            <div class=\"restly-button\">\r\n                <a href=\"\" class=\"theme-btns\"  >COMPLET<\/a>\r\n            <\/div>\r\n        <\/div>\r\n        \t\t\t\t<\/div>\n\t\t\t\t<\/div>\n\t\t\t\t<div class=\"elementor-element elementor-element-10344ef elementor-widget__width-initial elementor-widget-tablet__width-initial elementor-widget-mobile__width-initial elementor-widget elementor-widget-text-editor\" data-id=\"10344ef\" data-element_type=\"widget\" data-e-type=\"widget\" data-widget_type=\"text-editor.default\">\n\t\t\t\t<div class=\"elementor-widget-container\">\n\t\t\t\t\t\t\t\t\t<p><b>Alternance (H\/F)<\/b><\/p>\t\t\t\t\t\t\t\t<\/div>\n\t\t\t\t<\/div>\n\t\t\t\t<\/div>\n\t\t<div class=\"elementor-element elementor-element-5b9790a e-con-full e-flex e-con e-child\" data-id=\"5b9790a\" data-element_type=\"container\" data-e-type=\"container\" data-settings=\"{&quot;background_background&quot;:&quot;classic&quot;}\">\n\t\t\t\t<div class=\"elementor-element elementor-element-ed7ecef elementor-widget__width-initial elementor-widget elementor-widget-restly_button\" data-id=\"ed7ecef\" data-element_type=\"widget\" data-e-type=\"widget\" data-widget_type=\"restly_button.default\">\n\t\t\t\t<div class=\"elementor-widget-container\">\n\t\t\t\t\t        <div class=\"restly-button-wrapper\">\r\n            <div class=\"restly-button\">\r\n                <a href=\"\" class=\"theme-btns\"  >COMPLET<\/a>\r\n            <\/div>\r\n        <\/div>\r\n        \t\t\t\t<\/div>\n\t\t\t\t<\/div>\n\t\t\t\t<div class=\"elementor-element elementor-element-8b800c7 elementor-widget__width-initial elementor-widget-tablet__width-initial elementor-widget-mobile__width-initial elementor-widget elementor-widget-text-editor\" data-id=\"8b800c7\" data-element_type=\"widget\" data-e-type=\"widget\" data-widget_type=\"text-editor.default\">\n\t\t\t\t<div class=\"elementor-widget-container\">\n\t\t\t\t\t\t\t\t\t<p><b>Stagiaire (H\/F)<\/b><\/p>\t\t\t\t\t\t\t\t<\/div>\n\t\t\t\t<\/div>\n\t\t\t\t<\/div>\n\t\t\t\t\t<\/div>\n\t\t\t\t<\/div>\n\t\t\t\t<\/div>\n\t\t","protected":false},"excerpt":{"rendered":"<p>Vous cherchez \u00e0 rejoindre une entreprise dynamique et innovante ? SybotX recrute des talents passionn\u00e9s pour renforcer son \u00e9quipe ! POURQUOI NOUS REJOINDRE ? SybotX est un bureau d\u2019ing\u00e9nierie sp\u00e9cialis\u00e9 en robotique et automatisme.Dans le cadre de l\u2019accompagnement de son activit\u00e9 et sa croissance, SybotX est \u00e0 la recherche de nouveaux talents ! Nous mettons [&hellip;]<\/p>\n","protected":false},"author":1,"featured_media":0,"parent":0,"menu_order":0,"comment_status":"closed","ping_status":"closed","template":"blank-template.php","meta":{"footnotes":""},"class_list":["post-7597","page","type-page","status-publish","hentry"],"aioseo_notices":[],"_links":{"self":[{"href":"https:\/\/testmaj.sybotx.fr\/wordpress\/wp-json\/wp\/v2\/pages\/7597","targetHints":{"allow":["GET"]}}],"collection":[{"href":"https:\/\/testmaj.sybotx.fr\/wordpress\/wp-json\/wp\/v2\/pages"}],"about":[{"href":"https:\/\/testmaj.sybotx.fr\/wordpress\/wp-json\/wp\/v2\/types\/page"}],"author":[{"embeddable":true,"href":"https:\/\/testmaj.sybotx.fr\/wordpress\/wp-json\/wp\/v2\/users\/1"}],"replies":[{"embeddable":true,"href":"https:\/\/testmaj.sybotx.fr\/wordpress\/wp-json\/wp\/v2\/comments?post=7597"}],"version-history":[{"count":15,"href":"https:\/\/testmaj.sybotx.fr\/wordpress\/wp-json\/wp\/v2\/pages\/7597\/revisions"}],"predecessor-version":[{"id":17654,"href":"https:\/\/testmaj.sybotx.fr\/wordpress\/wp-json\/wp\/v2\/pages\/7597\/revisions\/17654"}],"wp:attachment":[{"href":"https:\/\/testmaj.sybotx.fr\/wordpress\/wp-json\/wp\/v2\/media?parent=7597"}],"curies":[{"name":"wp","href":"https:\/\/api.w.org\/{rel}","templated":true}]}}